 + 100?
103
In base 13, what is -10 - -21?
11
In base 3, what is 11 - 10212?
-10201
In base 13, what is -2 - -547?
545
In base 10, what is 1 - 106?
-105
In base 3, what is 1 - 21102?
-21101
In base 2, what is 100000001 + 1001111?
101010000
In base 12, what is 331 - 3?
32a
In base 9, what is 17 + -3?
14
In base 11, what is 76 - 0?
76
In base 13, what is 1 - 30c?
-30b
In base 7, what is 142 + 0?
142
In base 6, what is 10041 + -1?
10040
In base 3, what is 1010200 + 12?
1010212
In base 16, what is 18 + -5?
13
In base 15, what is 5 + -1da?
-1d5
In base 15, what is -155 - 2?
-157
In base 6, what is -2133 - 0?
-2133
In base 16, what is 4d + 6?
53
In base 10, what is 35 + 1?
36
In base 10, what is 181 + -4?
177
In base 5, what is 102 + -42?
10
In base 4, what is -12210 + 2?
-12202
In base 3, what is -11110 + 2012?
-2021
In base 14, what is a + -1b?
-11
In base 4, what is 3 + -3300?
-3231
In base 12, what is -75 - 9?
-82
In base 7, what is 1511 + -4?
1504
In base 5, what is -4304 + 2?
-4302
In base 7, what is -1531 - 5?
-1536
In base 15, what is -3 - -b?
8
In base 15, what is 3b71 - -3?
3b74
In base 13, what is -c - 741?
-750
In base 13, what is -815 - 5?
-81a
In base 14, what is 25 - 1?
24
In base 6, what is -4 - -451?
443
In base 11, what is -9 - -4?
-5
In base 7, what is -14 + -100?
-114
In base 3, what is 1112210201 - -2?
1112210210
In base 15, what is -1 - 70?
-71
In base 14, what is 3 - 547?
-544
In base 9, what is 50 + -15?
34
In base 14, what is 66 - aa?
-44
In base 3, what is -202 - 202202?
-210111
In base 13, what is -93c - -4?
-938
In base 13, what is -48 + 2?
-46
In base 15, what is -5 - -20?
1a
In base 13, what is 1 - -161?
162
In base 10, what is -1 + 6?
5
In base 5, what is 11 - 1032?
-1021
In base 4, what is 2 + 1003231?
1003233
In base 7, what is -21 + -24?
-45
In base 12, what is 80 - 11?
6b
In base 2, what is 100 - 110010111?
-110010011
In base 15, what is -29 - 23?
-4c
In base 4, what is 10 - 3010?
-3000
In base 11, what is 1894 - -4?
1898
In base 14, what is -30 + -62?
-92
In base 7, what is 4 - -513?
520
In base 6, what is 424 - -44?
512
In base 14, what is 4 - 2?
2
In base 11, what is -19a - -3a?
-160
In base 15, what is 1b8 + 4?
1bc
In base 3, what is 2 - -12002?
12011
In base 3, what is -2 + 1202012?
1202010
In base 10, what is 332 + -4?
328
In base 5, what is -110 - 1004?
-1114
In base 15, what is -1 + 2e?
2d
In base 5, what is -321 - 12?
-333
In base 10, what is 3236 + 5?
3241
In base 4, what is -2012101 - 3?
-2012110
In base 12, what is -2 - 447?
-449
In base 5, what is -304 + -314?
-1123
In base 7, what is -3 + 100?
64
In base 13, what is 304 + 2?
306
In base 4, what is -333 + -1?
-1000
In base 4, what is 11 - 21113?
-21102
In base 4, what is -2 - 3013?
-3021
In base 14, what is 9 + -38?
-2d
In base 6, what is -5 + 105?
100
In base 13, what is 8b + -3?
88
In base 5, what is 11 + 44?
110
In base 8, what is -251 + 5?
-244
In base 12, what is 4 + -2a7?
-2a3
In base 14, what is 69bd + 5?
69c4
In base 12, what is 329 + -3?
326
In base 11, what is 10 + -171?
-161
In base 7, what is 5 - 1002?
-664
In base 15, what is -11 + -11e?
-130
In base 4, what is -1 + -1210?
-1211
In base 7, what is -353 + -6?
-362
In base 13, what is -1 - 1a2?
-1a3
In base 8, what is -1045 + 7?
-1036
In base 3, what is 2221211 + -1?
2221210
In base 2, what is 100011011111 - 100?
100011011011
In base 13, what is -2 - 4?
-6
In base 14, what is -2 - -29b?
299
In base 6, what is 1 - -334?
335
In base 11, what is -162 + 0?
-162
In base 9, what is -348 + -1?
-350
In base 6, what is 1432 + 4?
1440
In base 9, what is 23 + -430?
-406
In base 15, what is -353 + 2?
-351
In base 13, what is -1352 - 1?
-1353
In base 5, what is -2441 - 2?
-2443
In base 13, what is -193 - -12?
-181
In base 11, what is 46 + -4?
42
In base 15, what is 1c1 - 5?
1bb
In base 11, what is -5 + -2aa?
-304
In base 11, what is 43 - 3?
40
In base 10, what is -288 - 26?
-314
In base 9, what is -4 + -784?
-788
In base 6, what is -1032 + 2?
-1030
In base 8, what is -2 - -22?
20
In base 6, what is 1301 - 4?
1253
In base 16, what is 3 - 249?
-246
In base 14, what is -3a + -5?
-41
In base 15, what is -7d + 5?
-78
In base 7, what is 410 - -21?
431
In base 13, what is 2 + -3995?
-3993
In base 14, what is -cc + -4?
-d2
In base 12, what is -3 - 12?
-15
In base 8, what is 205 + -7?
176
In base 13, what is 8 + -9?
-1
In base 3, what is -20 - -20221?
20201
In base 10, what is 609 - 1?
608
In base 7, what is 62 + -23?
36
In base 10, what is 21 + -1?
20
In base 8, what is 23 + 4?
27
In base 11, what is 3 + 7a?
82
In base 16, what is -9 - 6?
-f
In base 5, what is -3 + -22304?
-22312
In base 12, what is 16 + 1118?
1132
In base 4, what is 2 - 201?
-133
In base 11, what is 4 + 29a7?
2a00
In base 14, what is bab + 3?
bb0
In base 8, what is -525 + -4?
-531
In base 8, what is 1112 - -5?
1117
In base 2, what is -10 + -1100?
-1110
In base 13, what is 6 + b7?
c0
In base 10, what is 60 - 17?
43
In base 13, what is -19 - 12?
-2b
In base 6, what is 1 + 130?
131
In base 12, what is -4458 - -1?
-4457
In base 10, what is 2 + -560?
-558
In base 16, what is -2 - -c3?
c1
In base 6, what is 124051 - -3?
124054
In base 13, what is 64 + -16?
4b
In base 2, what is -10010 - 101100?
-111110
In base 15, what is 9 + 14?
1d
In base 9, what is -368 + -83?
-462
In base 11, what is 5 - 2909?
-2904
In base 4, what is 32323 + 10?
32333
In base 7, what is -2 + -12463?
-12465
In base 15, what is 1 + -58?
-57
In base 11, what is -2 + 16?
14
In base 2, what is 1 + -110111?
-110110
In base 6, what is 2 - -402?
404
In base 4, what is -22101 - 10?
-22111
In base 2, what is -101111110100001 - 100?
-101111110100101
In base 11, what is -8 - 194?
-1a1
In base 10, what is -386 - 0?
-386
In base 15, what is -1381 - -5?
-137b
In base 15, what is 8e28 + -3?
8e25
In base 11, what is 2 - -37?
39
In base 16, what is -45 - -3c?
-9
In base 12, what is -383 - 0?
-383
In base 9, what is 12 + 7?
20
In base 9, what is -3 - 516?
-520
In base 6, what is -314 - -4?
-310
In base 9, what is -5 - 284?
-300
In base 9, what is -54 - -23?
-31
In base 7, what is -5 + 1343?
1335
In base 12, what is 15 + 14?
29
In base 12, what is 3 + -2b?
-28
In base 8, what is 1252 + -33?
1217
In base 6, what is -4 - 0?
-4
In base 2, what is -1 + -1001?
-1010
In base 16, what is 5e - 2?
5c
In base 8, what is -415 + -6?
-423
In base 3, what is -20 + 120?
100
In base 2, what is 100001001011 - 0?
100001001011
In base 16, what is -22 + 14?
-e
In base 14, what is 4 + -3b8?
-3b4
In base 4, what is 11 - -200122?
200133
In base 5, what is -13332 - -3?
-13324
In base 7, what is 5 - -366?
404
In base 16, what is -10 + 18?
8
In base 4, what is 3003 + 1130?
10133
In base 4, what is 12 - -33121?
33133
In base 9, what is 277 - 4?
273
In base 10, what is -17 + 0?
-17
In base 7, what is -3560 + -5?
-3565
In base 13, what is -80 + -56?
-106
In base 4, what is -32 - -11?
-21
In base 11, what is -a - 22?
-31
In base 16, what is 14 + -d?
7
In base 14, what is c0 - 1?
bd
In base 12, what is 4 + 5b?
63
In base 6, what is 3 - 102414?
-102411
In base 11, what is 3 - -29?
31
In base 6, what is -32315 - -3?
-32312
In base 5, what is -1410 + 3?
-1402
In base 12, what is 3 - -10a?
111
In base 2, what is 0 + -1001100000110?
-1001100000110
In base 12, what is -21 - -45?
24
In base 5, what is -4 - 2042?
-2101
In base 6, what is -11 + 3244?
3233
In base 10, what is 85 + -6?
79
In base 5, what is -113 - -11?
-102
In base 7, what is 4 + -42?
-35
In base 2, what is 0 + -10110001000?
-10110001000
In base 11, what is 105 + -1?
104
In base 16, what is b95 - -2?
b97
In base 4, what is 10 - -111?
121
In base 11, what is -21 - -248?
227
In base 14, what is 3 + -1b?
-18
In base 9, what is -5 - -1702?
1686
In base 12, what is -70 - -10?
-60
In base 13, what is -45 + 121?
a9
In base 3, what is 12 + -200002?
-122220
In base 5, what is 1 + 232?
233
In base 15, what is -2 - 1e89?
-1e8b
In base 11, what is 42 - 3?
3a
In base 8, what is 12 + -32?
-20
In base 15, what is -10a - -15?
-e5
In base 4, what is -10 - 3?
-13
In base 11, what is 58 + 15?
72
In base 16, what is 1ba + -5?
1b5
In base 3, what is 100100 + 2222?
110022
In base 6, what is -1 + 1110?
1105
In base 12, what is -582 + 1?
-581
In base 16, what is -10c - 13?
-11f
In base 5, wh